{"id":8006,"date":"2022-09-22T08:13:47","date_gmt":"2022-09-22T11:13:47","guid":{"rendered":"https:\/\/visualinsumos.com.ar\/site\/?post_type=product&#038;p=8006"},"modified":"2022-09-22T08:13:48","modified_gmt":"2022-09-22T11:13:48","slug":"impresora-epson-f170-con-resma-papel-sublimacion-a4","status":"publish","type":"product","link":"https:\/\/visualinsumos.com.ar\/site\/producto\/impresora-epson-f170-con-resma-papel-sublimacion-a4\/","title":{"rendered":"Impresora Epson F170 Con Resma Papel Sublimaci\u00f3n A4"},"content":{"rendered":"<p>Impresora de Sublimaci\u00f3n Epson formato A4 con tintas originales Epson<br \/>\nEsta impresora de sublimaci\u00f3n de tinta de alto rendimiento ofrece impresiones de calidad profesional utilizando la potente tecnolog\u00eda PrecisionCore\u00ae. Una soluci\u00f3n verdaderamente llave en mano, la SureColor F170 llega con tecnolog\u00eda de tinta de sublimaci\u00f3n original de Epson, una bandeja de alimentaci\u00f3n autom\u00e1tica de 150 hojas y software de impresi\u00f3n para Mac y Windows. Adem\u00e1s, con su dise\u00f1o sorprendentemente compacto que ahorra espacio, puede maximizar el espacio del taller.<\/p>\n<p>Impresora SureColor\u00ae F170<br \/>\nJuego completo de botellas de tinta CMYK (CMYK \u2013 140 ml)<br \/>\nTanque de mantenimiento<br \/>\nGu\u00eda del usuario<br \/>\nCable de alimentaci\u00f3n de CA<\/p>\n","protected":false},"excerpt":{"rendered":"<p>Impresora de Sublimaci\u00f3n Epson formato A4 con tintas originales Epson Esta impresora de sublimaci\u00f3n de tinta de alto rendimiento ofrece<\/p>\n","protected":false},"featured_media":8008,"template":"","meta":[],"product_brand":[],"product_cat":[277,274],"product_tag":[],"class_list":{"0":"post-8006","1":"product","2":"type-product","3":"status-publish","4":"has-post-thumbnail","6":"product_cat-impresoras","7":"product_cat-maquinas","8":"pa_marca-epson","10":"first","11":"instock","12":"shipping-taxable","13":"product-type-simple"},"tiered_pricing_type":"fixed","tiered_pricing_fixed_rules":[],"tiered_pricing_product_settings":{"layout":"default","base_unit_name":{"singular":null,"plural":null},"default_variation":null},"tiered_pricing_minimum_quantity":null,"tiered_pricing_roles_data":[],"tiered_pricing_percentage_rules":[],"_links":{"self":[{"href":"https:\/\/visualinsumos.com.ar\/site\/wp-json\/wp\/v2\/product\/8006","targetHints":{"allow":["GET"]}}],"collection":[{"href":"https:\/\/visualinsumos.com.ar\/site\/wp-json\/wp\/v2\/product"}],"about":[{"href":"https:\/\/visualinsumos.com.ar\/site\/wp-json\/wp\/v2\/types\/product"}],"wp:featuredmedia":[{"embeddable":true,"href":"https:\/\/visualinsumos.com.ar\/site\/wp-json\/wp\/v2\/media\/8008"}],"wp:attachment":[{"href":"https:\/\/visualinsumos.com.ar\/site\/wp-json\/wp\/v2\/media?parent=8006"}],"wp:term":[{"taxonomy":"product_brand","embeddable":true,"href":"https:\/\/visualinsumos.com.ar\/site\/wp-json\/wp\/v2\/product_brand?post=8006"},{"taxonomy":"product_cat","embeddable":true,"href":"https:\/\/visualinsumos.com.ar\/site\/wp-json\/wp\/v2\/product_cat?post=8006"},{"taxonomy":"product_tag","embeddable":true,"href":"https:\/\/visualinsumos.com.ar\/site\/wp-json\/wp\/v2\/product_tag?post=8006"}],"curies":[{"name":"wp","href":"https:\/\/api.w.org\/{rel}","templated":true}]}}