{"id":9559,"date":"2023-01-27T16:36:08","date_gmt":"2023-01-27T19:36:08","guid":{"rendered":"https:\/\/visualinsumos.com.ar\/site\/?post_type=product&#038;p=9559"},"modified":"2023-01-27T17:00:55","modified_gmt":"2023-01-27T20:00:55","slug":"maquina-mab2010-p-armar-pines-c-matriz-25mm-1%e2%80%b3","status":"publish","type":"product","link":"https:\/\/visualinsumos.com.ar\/site\/producto\/maquina-mab2010-p-armar-pines-c-matriz-25mm-1%e2%80%b3\/","title":{"rendered":"Maquina Mab2010 P Armar Pines C\/Matriz 25mm (1\u2033)"},"content":{"rendered":"<p>DESCRIPCI\u00d3N<br \/>\nEsta m\u00e1quina fabricante de botones \/ pines puede armar botones personalizados para tus eventos, souvenirs, accesorios o merchandising.<\/p>\n<p>Somos fabricantes y nuestro dise\u00f1o se desarrolla con materiales de alta calidad para manejar alta producci\u00f3n, durabilidad y un mantenimiento m\u00ednimo.<\/p>\n<p>Incluye: Maquina para armar botones + matriz de 1\u2033 o 25mm de di\u00e1metro + tabla de corte y el cortador circular correspondiente a la medida.<\/p>\n<p>&nbsp;<\/p>\n","protected":false},"excerpt":{"rendered":"<p>DESCRIPCI\u00d3N Esta m\u00e1quina fabricante de botones \/ pines puede armar botones personalizados para tus eventos, souvenirs, accesorios o merchandising. Somos<\/p>\n","protected":false},"featured_media":9576,"template":"","meta":[],"product_brand":[],"product_cat":[402,403],"product_tag":[],"class_list":{"0":"post-9559","1":"product","2":"type-product","3":"status-publish","4":"has-post-thumbnail","6":"product_cat-botones-pines","7":"product_cat-maquinas-botones-pines","8":"pa_marca-nicobuttons","10":"first","11":"instock","12":"shipping-taxable","13":"product-type-simple"},"tiered_pricing_type":"fixed","tiered_pricing_fixed_rules":[],"tiered_pricing_product_settings":{"layout":"default","base_unit_name":{"singular":null,"plural":null},"default_variation":null},"tiered_pricing_minimum_quantity":null,"tiered_pricing_roles_data":[],"tiered_pricing_percentage_rules":[],"_links":{"self":[{"href":"https:\/\/visualinsumos.com.ar\/site\/wp-json\/wp\/v2\/product\/9559","targetHints":{"allow":["GET"]}}],"collection":[{"href":"https:\/\/visualinsumos.com.ar\/site\/wp-json\/wp\/v2\/product"}],"about":[{"href":"https:\/\/visualinsumos.com.ar\/site\/wp-json\/wp\/v2\/types\/product"}],"wp:featuredmedia":[{"embeddable":true,"href":"https:\/\/visualinsumos.com.ar\/site\/wp-json\/wp\/v2\/media\/9576"}],"wp:attachment":[{"href":"https:\/\/visualinsumos.com.ar\/site\/wp-json\/wp\/v2\/media?parent=9559"}],"wp:term":[{"taxonomy":"product_brand","embeddable":true,"href":"https:\/\/visualinsumos.com.ar\/site\/wp-json\/wp\/v2\/product_brand?post=9559"},{"taxonomy":"product_cat","embeddable":true,"href":"https:\/\/visualinsumos.com.ar\/site\/wp-json\/wp\/v2\/product_cat?post=9559"},{"taxonomy":"product_tag","embeddable":true,"href":"https:\/\/visualinsumos.com.ar\/site\/wp-json\/wp\/v2\/product_tag?post=9559"}],"curies":[{"name":"wp","href":"https:\/\/api.w.org\/{rel}","templated":true}]}}